the third derivative of l**5/60 - 11*l**4/24 + 2*l**3 + 44*l**2. Give s(10).
2
Suppose 5*r = r + 8. Let o(i) = -4*i**2 - 33*i - 9. Let v(w) = -w**2 - 8*w - 2. Let k(b) = r*o(b) - 9*v(b). What is k(-5)?
-5
Let b(u) = -3*u**2 + u - 4. Let c(r) = 16*r**2 - 4*r + 20. Let y(t) = 11*b(t) + 2*c(t). Give y(3).
-4
Let z(o) be the first derivative of o**6/120 + o**4/24 - o**3/6 + 3*o**2/2 + 3. Let k(i) be the second derivative of z(i). Give k(0).
-1
Let b(u) be the third derivative of u**4/12 - u**3/2 - 6*u**2. Determine b(-3).
-9
Let c(t) = t + 1. Let n(m) = -14*m - 12. Let x(u) = -22*c(u) - 2*n(u). Suppose 11 + 12 = -4*q - 3*r, 4*r = 3*q - 14. Determine x(q).
-10
Suppose 5*w = 20 - 60. Let z = w - 3. Let n = 6 + z. Let g(v) = -v**3 - 4*v**2 + 4*v - 4. Determine g(n).
1
Let i = 2 + 2. Let b = -1 - -5. Let m(w) = b - w + 1 + 5*w**2 + 3*w**3 - 2*w - 4*w**3. Determine m(i).
9
Let l(y) be the first derivative of -y**3/3 - 9*y**2/2 - 9*y + 33. Calculate l(-7).
5
Let s(n) be the first derivative of -3 + 1/4*n**4 - 3*n**3 - 9/2*n**2 - 6*n. Let j be s(10). Let k(r) = r - 6. What is k(j)?
-2
Let k = 3 + 5. Let a = k - 8. Let n(j) = -j**2 + j - 4. Calculate n(a).
-4
Let z(x) = 7*x**2 + 7*x + 12. Let w(j) = 13*j**2 + 14*j + 23. Let a(y) = 6*w(y) - 11*z(y). Let q = 5 - 9. What is a(q)?
-6
Let u(t) = t**3 - 6*t**2 + 6*t + 1. Let o be u(5). Suppose 3*b - 12 = o. Let z(y) = -y**2 + 6*y - 6. Calculate z(b).
-6
Let c(a) be the third derivative of -a**6/120 - a**5/15 - a**4/24 + a**3/2 + 7*a**2. Determine c(-3).
-3
Let z(l) be the first derivative of 2*l**3/3 + 3*l**2/2 + 6. What is z(-3)?
9
Let c(h) = -h**3 + 6*h**2 - 8*h + 6. Let z(u) = 5*u**3 - u + 1. Let l be z(1). Give c(l).
-9
Let f(m) be the first derivative of -2 + m - 1/2*m**2 - 1/3*m**3 + 1/4*m**4. Determine f(2).
3
Let g(w) = w**3 - 6*w**2 + 2*w - 8. Suppose -8*b + 27 = -5*b. Let c be 3/(b/(-2))*-9. Give g(c).
4
Let n = 9 - 5. Let i(m) = -m**2 + 3*m + 5. Calculate i(n).
1
Let d(s) = -3*s + 7. Let u be d(3). Let b(j) = -j**3 - 2*j**2 - j - 2. What is b(u)?
0
Let j(q) be the first derivative of -q**4/4 - q**3 - q**2 - 3*q + 21. Give j(-2).
-3
Let k(w) be the first derivative of 0*w - 1 - 1/3*w**3 + 1/120*w**5 + 0*w**2 - 7/24*w**4. Let l(u) be the third derivative of k(u). Determine l(5).
-2
Suppose -3*k = q - 0*k - 6, k - 2 = -3*q. Let w(j) = 21 + 26 - 39 - j + j**2. What is w(q)?
8
Let t(p) = 3 + 9*p - 3 - 1. Let u = 21 + -5. Suppose 4*a - u = 0, 3*a = -k - 3*k + 16. Calculate t(k).
8
Let k(d) = -d**3 + 25*d**2 - 25*d + 17. Let x be k(24). Let p(i) = -2*i - 9. Calculate p(x).
5
Let x = -4 + -1. Suppose 0 = -4*m - 9 + 37. Let k(n) = -2*n + m + 2*n + 2*n. Determine k(x).
-3
Let v be -10*(18/15)/3. Let z(x) = x**3 + 4*x**2 - 2*x - 1. Determine z(v).
7
Let g(q) = -2*q. Suppose 5*n - 4*n + 22 = 3*d, -2*n - 4 = 2*d. Let x = -4 - n. Suppose 2 + 1 = -x*f. Determine g(f).
2
Suppose -p = -0 - 13. Suppose -5*g = s - p, 10 = 3*g + 4. Suppose 0 = -8*m + s*m + 20, 0 = 4*f + m. Let q(i) = 8*i + 1. Calculate q(f).
-7
Let j(t) be the third derivative of t**4/24 + 5*t**3/6 + 5*t**2. Calculate j(-4).
1
Let n(w) = -2*w + 3. Let h = 3 + -2. Let g be ((-3)/4)/(h/4). Give n(g).
9
Suppose -v - 2*w + 6 = 0, 0 = 3*v + 2*w + 6 - 28. Let l(k) = -2*k + 10. What is l(v)?
-6
Suppose -10 = -8*g + 3*g. Let z = -4 + g. Let u(t) = -10*t + 1. Let x(r) = 3*r. Let q(n) = z*u(n) - 7*x(n). What is q(5)?
-7
Let b(w) = 7*w + 1. Let d be b(-3). Let t = 30 + d. Suppose -5*z = -t*z. Let f(p) = p**3 + p + 1. Determine f(z).
1
Let k(q) be the third derivative of q**5/120 - q**4/12 + q**3/2 + 3*q**2. Let y(a) be the first derivative of k(a). Give y(6).
4
Let x(y) = 0*y + y - 4*y. Let j(a) = -a**2 + 10*a - 5. Let g be j(9). Let h be (2/3)/(g/(-18)). What is x(h)?
9
Let v be ((-8)/(-12))/(4/18). Suppose -7 = -v*k + 2. Let p(s) = 0 + 3*s**2 + 3*s**3 - 2 + 3*s - 4*s**3. What is p(k)?
7
Let v be (-8)/(-36) - (-32)/18. Let d be (-44)/(-14) - v/14. Let k(z) = d - 1 + z + z - 10*z**2 - z**3 + 7*z**2. What is k(-2)?
-6
Let x(t) = -t**2 - t + 7. Suppose -7*v - 3 = -3. Determine x(v).
7
Let g(m) = 2*m**3 + 2*m**2 - 4*m + 2. Let b(u) = u**3 - u**2 - 1. Suppose 3*x - 5 = -14. Let s(l) = x*b(l) + g(l). Give s(4).
5
Let k(d) = -d - 6. Let l be ((-4)/6)/((-4)/(-36)). What is k(l)?
0
Suppose -52 = -5*v + 18. Let p be 2/(-7) + 32/v. Let q(i) = -3*i + 1 + 6*i + i**2 - 3*i. Determine q(p).
5
Let g(j) = j**2 - j - 1. Let b(y) = 7*y**2 - 3*y - 12. Let m(u) = b(u) - 6*g(u). Let r = -9 + 4. Determine m(r).
4
Let t(n) be the first derivative of n**3/3 - 3*n**2 - 3*n - 11. Determine t(6).
-3
Let j = 6 - 6. Suppose 2*d - 2*g - 8 = 0, j*g = -g - 2. Let q(m) = -m**3 + 2*m**2 - m + 2. Calculate q(d).
0
Let g(z) = -z - 4. Let q be g(-4). Let k(j) = q + 2*j - 1 + j**2 + 0*j. Let s = -78 + 75. What is k(s)?
2
Let i be (-6)/(-4) - 10/4. Let g(t) = 2*t**2 - t + 4. Let z(p) = -3*p**2 + 2*p - 5. Let k(l) = 4*g(l) + 3*z(l). Give k(i).
-2
Let f(t) be the third derivative of t**6/120 - t**5/10 + t**4/4 - 2*t**3/3 + 2*t**2 - 13*t. Determine f(5).
1
Let j(r) = -2 - 5*r**3 - 2*r**3 + 1 + r**3. Calculate j(-1).
5
Let y(l) = -l. Let k(j) = -2*j + 1. Let u(m) = -m + 1. Let f(x) = 5*k(x) - 6*u(x). Let d(p) = -f(p) + 3*y(p). What is d(2)?
3
Let k(n) = -n**3 + 7*n**2 + 9*n - 10. Let s be k(8). Let a be s/1 + (4 - 3). Let d(l) = 7*l - 1. Give d(a).
-8
Let o(a) = -67*a + 4*a**2 + 3*a**3 - 4*a**3 + 63*a. Suppose -4*d + 6 = -2*d. Determine o(d).
-3
Suppose 15*m = 10*m + 10. Suppose 4*k = d - 11, -m*d - 3*k = -7*k - 10. Let o(f) = 7*f**3 - 1. Give o(d).
-8
Suppose 3*r + 6 = 0, 4*r = 3*z + 8*r + 26. Let g(f) = f**2 - f - 4. Let x be g(3). Let d(a) = -a**3 + 2 - 7*a**x - 1 - 3*a - 3*a. Give d(z).
1
Let d(r) = -r**2 + 9*r - 10. Let q be d(8). Let s(t) be the third derivative of -t**5/30 + t**4/12 + t**3/2 + 4*t**2. Give s(q).
-9
Let p(k) = k**2 - 6 + 5 - 2. Let j be p(0). Let h(z) = z**2 + 2*z - 3. Calculate h(j).
0
Let r(u) = 2*u - 2. Suppose 5*z + 18 = 2*a, 5*z + 3 - 1 = -2*a. Let d be ((-24)/9)/(z/3). Calculate r(d).
6
Let v be (-16)/(-24)*(-9)/2. Let s(l) = l**3 + 3*l**2 + l + 3. Calculate s(v).
0
Let q(m) = 13*m + 4. Let d(a) = -6*a - 2. Let l(t) = -5*d(t) - 2*q(t). Give l(2).
10
Suppose 3*q = -5*f + 13, -3 = -4*f - 2*q + 7. Let s be 0*(-3)/(-12)*-2. Let h = f - s. Let g(n) = -n**3 + 2*n**2 - 4*n + 2. Give g(h).
-6
Suppose 0 = 4*q + 5 + 7. Let v(z) = 3*z - 1. Let p(l) = -4*l + 1. Let s(g) = q*p(g) - 2*v(g). Calculate s(1).
5
Let q(z) = 3*z**3 + z**2 + z + 1. Suppose 3*g - 3*v - 6 - 12 = 0, -2 = 2*g + 5*v. Let m be (-1)/g + 6/(-8). Give q(m).
-2
Let q(n) be the third derivative of n**5/60 - n**4/24 - 2*n**3/3 + 7*n**2. What is q(3)?
2
Let g(u) = -u + 1. Suppose 9 = -4*q - 39. Let o be ((-1)/2)/(1/q). Suppose 2*j = -0 - o. What is g(j)?
4
Suppose 0 = -4*n + 12, 3*y + 4*n - 1 = 20. Let r(v) be the third derivative of -v**2 - 1/3*v**3 - 1/60*v**5 + 1/6*v**4 + 0 + 0*v. Calculate r(y).
1
Let l be (-1)/((0 + -2)/8). Suppose -w = l*a + 5, 0 = -w - w + 2*a. Let q(x) = 4*x**2 - 2*x + x + 0*x. Determine q(w).
5
Let a be (-2)/3 - 6/(-9). Let p(f) = 3 - 2 - f + a*f. Suppose -i - r = -4, i - 4*r + 14 = 4*i. Determine p(i).
-1
Let h(a) be the second derivative of -a**5/60 - a**4/8 + a**3/6 + a**2/2 + 4*a. Let b(w) be the first derivative of h(w). Give b(-4).
-3
Let y(d) be the first derivative of d**2/2 + d - 2. Let v be y(-1). Suppose -3 = -v*t + t. Let p(w) = w**3 + 4*w**2 + 4*w + 1. Give p(t).
-2
Let c = -16 - -11. Let o(v) = -2*v**2 - 6*v + 1. What is o(c)?
-19
Let p(c) be the first derivative of -9*c**2/2 - 1. Let v be 2*(7/28)/(1/(-2)). Give p(v).
9
Let h(b) = b**2 + 9*b + 2. Suppose -5*v - 49 = -9. Determine h(v).
-6
Let p(t) be the first derivative of 1 - 1/4*t**4 - t**3 + t**2 + 0*t. Let d be (3/2)/((-1)/2). Determine p(d).
-6
Let n(r) be the first derivative of -r**5/20 + 5*r**4/12 - r**3/2 - 3*r**2/2 - 9*r + 8. Let m(u) be the first derivative of n(u). Calculate m(4).
1
Suppose 5*p = 3*g + g + 14, 0 = 5*p - 2*g - 12. Let m(t) = 3*t**3 - 5*t**3 + t**2 + 2*t + 0*t**p + t**3. Give m(2).
0
Suppose 0 = -3*x - 0 + 3. Suppose 2*t - 2 = t. Let z(y) = 2*y + 2*y**3 + y**3 - y**t - 2*y**3 - 1. Determine z(x).
1
Suppose 0 = -2*b + b. Suppose 0*f = -f - 3*h - 14, b = -f + 5*h + 26. Let c(w) = -4*w**3 + w**2 - w. Let s b